s 12569 + 3062?
15620
In base 13, what is -726 + 12a6?
880
In base 9, what is 5 + 206134?
206140
In base 10, what is -5 - 29276542?
-29276547
In base 8, what is 10630 - 4024?
4604
In base 11, what is 7354202 - -4?
7354206
In base 9, what is -4147 + -876?
-5134
In base 2, what is 1 + 1011001001110001111100100010?
1011001001110001111100100011
In base 6, what is 3 - 4351152?
-4351145
In base 9, what is 4 - -76000838?
76000843
In base 10, what is -97893 + -639?
-98532
In base 15, what is 72d - -1c284?
1c9b2
In base 16, what is f723a4a + -1?
f723a49
In base 10, what is 1417 + -126508?
-125091
In base 3, what is -11 - -102020200202122?
102020200202111
In base 13, what is 109 + -47b88?
-47a7c
In base 4, what is 102001021120333 - 2?
102001021120331
In base 15, what is 0 + 29392e?
29392e
In base 12, what is b99bb + 16?
b9a15
In base 13, what is 205 + 57251?
57456
In base 14, what is -1796919 - 19?
-1796934
In base 4, what is 330120 + 33210?
1023330
In base 9, what is 302657 - 2?
302655
In base 2, what is -10110000010111001 + -1010?
-10110000011000011
In base 15, what is 2 - 46b9c5?
-46b9c3
In base 10, what is -29075 + -237?
-29312
In base 13, what is -6 + 5bc2c?
5bc26
In base 9, what is 3 + -1451417?
-1451414
In base 12, what is 4 - -10a02bb?
10a0303
In base 8, what is 145 - -11460135?
11460302
In base 7, what is 3 - -103530100?
103530103
In base 4, what is 112 + 133230313303?
133230320021
In base 16, what is -106e4fb - 0?
-106e4fb
In base 9, what is -647188 - -334?
-646754
In base 12, what is -195 + -779468?
-779641
In base 13, what is -2 + 16b9b22?
16b9b20
In base 3, what is -11011001011 - 10210?
-11011011221
In base 16, what is -9 + -68b01?
-68b0a
In base 16, what is 5f2d5 - -3?
5f2d8
In base 8, what is -30752 + -135?
-31107
In base 4, what is 1321 - 12221030?
-12213103
In base 2, what is 1001100110010111 - -110010110101?
1010011001001100
In base 8, what is -5 + -33074?
-33101
In base 2, what is -100010010110110011100111111 - -10?
-100010010110110011100111101
In base 10, what is -1 - -223042?
223041
In base 6, what is -3 - 2153432325?
-2153432332
In base 14, what is 405d + -62c8?
-2269
In base 8, what is -2203 - 21533?
-23736
In base 8, what is 4 + 116305?
116311
In base 16, what is 1 + -9899d7?
-9899d6
In base 14, what is a84 + -bb7?
-133
In base 16, what is -28afa + -4?
-28afe
In base 7, what is -2616132260 + 1?
-2616132256
In base 6, what is -5443411 - 135?
-5443550
In base 14, what is -12 + ab543b?
ab5429
In base 14, what is -107c3 + -25?
-10808
In base 11, what is 2 - -13453642?
13453644
In base 16, what is 43f0 - -d8?
44c8
In base 15, what is -e07 + -45ab?
-54b3
In base 12, what is 2b9790090 - -5?
2b9790095
In base 6, what is 420522 - 130341?
250141
In base 10, what is -176931 - -32?
-176899
In base 4, what is -33023011 + 2000?
-33021011
In base 15, what is 230801b - 5?
2308016
In base 8, what is 1440222 - -7?
1440231
In base 5, what is 3 + -103200030?
-103200022
In base 15, what is 51ee - 136ce?
-d4d0
In base 2, what is 110010101111011000010001 + 100?
110010101111011000010101
In base 3, what is -20001 - -10012020?
2222012
In base 16, what is -1 + a447174?
a447173
In base 15, what is a25de75 + 8?
a25de7d
In base 7, what is -664536303 + 3?
-664536300
In base 15, what is 8 - 1b86b7?
-1b86ae
In base 5, what is 1 + -240141032340?
-240141032334
In base 8, what is 21 + -20261457?
-20261436
In base 10, what is 544 - -1764?
2308
In base 5, what is -10 + -14324421341?
-14324421401
In base 11, what is 38101a1 + -9?
3810193
In base 9, what is 1261627547 + -5?
1261627542
In base 5, what is -11310 + 311132?
244322
In base 7, what is 14611145 + -12?
14611133
In base 14, what is 16 - -546d03?
546d19
In base 13, what is -3 - -575192?
57518c
In base 14, what is 140 + -2119?
-1db9
In base 6, what is -5141 + -23455352?
-23504533
In base 5, what is -10 - 301414442114?
-301414442124
In base 11, what is 5 + 22097aa0?
22097aa5
In base 12, what is 2262b81 + -2?
2262b7b
In base 5, what is 24044340221 - 4?
24044340212
In base 3, what is -1022110 - -111100002?
110000122
In base 7, what is 1202062 - -6460?
1211552
In base 10, what is -108142 + -77?
-108219
In base 7, what is -101 - -516414?
516313
In base 14, what is -4330d + 11d?
-431d0
In base 7, what is -3144 + 20555?
14411
In base 13, what is 3c9 - -23611?
23a0a
In base 13, what is -14151 + -115?
-14266
In base 12, what is -1 - -7655518?
7655517
In base 5, what is 1 - 24002212131?
-24002212130
In base 16, what is 1dd3e1 - 1?
1dd3e0
In base 15, what is -5cbe - 1839?
-7608
In base 4, what is -30203201 + 1023222?
-23113313
In base 10, what is -173747 + 211?
-173536
In base 8, what is -53 - -3171341?
3171266
In base 3, what is -1121002020 + 211222111?
-202002202
In base 12, what is -88 - -287406?
28733a
In base 10, what is -96647100 - 0?
-96647100
In base 12, what is -1247 - -1359?
112
In base 14, what is -2b9d - -13b?
-2a62
In base 11, what is -2a + 18620?
185a1
In base 7, what is 354264002 - -2?
354264004
In base 14, what is 83adc + -36?
83aa6
In base 16, what is -1aa + -8a760?
-8a90a
In base 9, what is 325 + -10273?
-8847
In base 14, what is -dda8 - -498?
-d910
In base 9, what is -37425184 + 1?
-37425183
In base 5, what is 1442 - 112300?
-110303
In base 7, what is -222 + -30522510?
-30523032
In base 2, what is -1011011000011010110110111 + -101?
-1011011000011010110111100
In base 7, what is -3145651 + -32?
-3146013
In base 11, what is 2136 + -6924?
-4799
In base 8, what is 0 - 644763112?
-644763112
In base 16, what is 10d - -bb1b?
bc28
In base 14, what is 91d - 6b0a?
-61cb
In base 9, what is -14283 - -24873?
10580
In base 6, what is -5 - 554?
-1003
In base 11, what is -876 + 4393?
3618
In base 12, what is 119 + -a9275?
-a9158
In base 10, what is -88578759 + -1?
-88578760
In base 5, what is -434413 + -1202?
-441120
In base 13, what is 601a7 + -cc?
600a8
In base 6, what is 213510513 - 324?
213510145
In base 9, what is -2 - -1168013?
1168011
In base 2, what is 100101011110111011 + 101011101001?
100110001010100100
In base 6, what is 4 + 41012252?
41012300
In base 5, what is 101001 + 421202?
1022203
In base 14, what is 34 - -5d2b7?
5d30b
In base 12, what is -a - -24524a4?
2452496
In base 10, what is -21 + -414038?
-414059
In base 9, what is 18682034 - 0?
18682034
In base 13, what is 10 + 275090?
2750a0
In base 12, what is -96 - -3323a?
33164
In base 12, what is -196 + 13912?
13738
In base 13, what is 1a2 + 2918?
2aba
In base 11, what is 453 + 16183?
16626
In base 14, what is 3c5cc - 64?
3c568
In base 10, what is -43240 + 3041?
-40199
In base 6, what is -1 - -2055210331?
2055210330
In base 9, what is -156138157 - -4?
-156138153
In base 4, what is 11232023202 + 132?
11232030000
In base 4, what is -1330302 - -13112133?
11121231
In base 10, what is -2 - 2001051?
-2001053
In base 14, what is 11588 - -25?
115ad
In base 9, what is -722304 + -2?
-722306
In base 3, what is -100202112012012 + -10?
-100202112012022
In base 15, what is -2b + -6b09d2?
-6b0a0d
In base 7, what is 1 + -1522324021?
-1522324020
In base 13, what is -60 - -11b2c47?
11b2bb7
In base 10, what is -1027 + 2402?
1375
In base 5, what is -110 - 122043300?
-122043410
In base 16, what is 2b5d8 + -418?
2b1c0
In base 6, what is -12035045423 + -1?
-12035045424
In base 11, what is -5 - -1874272?
1874268
In base 2, what is 111000110010 + -10000101111111?
-1001101001101
In base 3, what is 102221010222011 + -11110?
102221010210201
In base 7, what is -446615010 + 0?
-446615010
In base 11, what is 342a09 - -73?
342a81
In base 13, what is -585290 - -a9?
-5851b4
In base 12, what is -b0395 - -1129?
-ab268
In base 16, what is 175c5 - -17c9?
18d8e
In base 5, what is -111211 - 430?
-112141
In base 9, what is 4 + 74836768?
74836773
In base 4, what is -3 - -2321011303020?
2321011303011
In base 12, what is 812 - -16189?
1699b
In base 3, what is 200111 + 2110012021?
2110212202
In base 15, what is -13101a + -8?
-131023
In base 12, what is -343 + -70457?
-7079a
In base 9, what is -588 + -162073?
-162672
In base 16, what is 129 + 222e?
2357
In base 7, what is -15 - -456005541?
456005523
In base 13, what is 8171c4 + 9?
817200
In base 10, what is 763 + -24799?
-24036
In base 11, what is aa470415 - 5?
aa470410
In base 6, what is -2 - 1525030001?
-1525030003
In base 11, what is 20a25 - -88?